 -4*x + 114. Suppose 0 = v - 39 - x. Suppose 2*k - v = -0*k. Is k prime?
False
Suppose 2*v = v + 35. Let h = 0 + v. Is h a composite number?
True
Suppose 4*w - 3 + 4 = h, -3*h + 4*w + 3 = 0. Let l be 2*((-1)/2 - h). Let i(f) = -16*f - 1. Is i(l) a prime number?
True
Is 35*5 - 24/(-6) a composite number?
False
Let l be (-1 - (-5)/(-3))*6. Let t = 43 - l. Is t prime?
True
Suppose -3*w + 2*w + 2 = -3*s, 0 = 4*w + 2*s - 8. Suppose 443 = w*j - j. Is j composite?
False
Suppose 2*d = 3*a + 1219, -2*d - 372 = a - 1595. Is d composite?
True
Is 43707/12 + 10/(-8) a composite number?
True
Suppose 6*t - 2527 = 5*t. Let w = -1466 + t. Is w a composite number?
False
Let y(z) = -z - 1. Let d be y(5). Let i = 9 + d. Is i composite?
False
Let f(g) = 4*g - 4*g + 3 + 9*g - 2*g. Is f(4) a prime number?
True
Let s = 22 + 8. Let y = -11 + s. Is y a prime number?
True
Is -1*(1043/(-4))/(2/8) prime?
False
Suppose -p = p + 2. Let m = p + 3. Suppose 2*t - 62 = -d + 2, t - m*d - 37 = 0. Is t a prime number?
False
Let w be -1 + (0 - (12 - 3)). Let z = 43 + w. Is z composite?
True
Suppose 5*n + 679 = d, -2*d - 4*n - n = -1358. Is d composite?
True
Let b be (-9)/(60/(-16) - -3). Suppose -u - b = -67. Is u a composite number?
True
Let u = -19 - -46. Suppose 0 = -4*s + 417 + u. Is s a composite number?
True
Let p = 64 - -95. Is p a composite number?
True
Let v(t) = t**3 + 9*t**2 + t + 2. Let i(d) = 8*d - 1. Let o be i(-1). Let x be v(o). Is -1*((-3 - -3) + x) a composite number?
False
Let v be (0 + 3)*8/(-6). Let f be (-2)/6*372/v. Is 2 - -2*f/2 a composite number?
True
Let d = -24 - -40. Suppose m = -3 + d. Suppose -m = -4*t + 15. Is t a prime number?
True
Suppose 5 - 17 = -3*w. Suppose 3*d + d - 4 = 0, 3*b = 5*d + w. Suppose 0 = -z - 3*y + 22, -b*z - 2*z = -5*y - 50. Is z prime?
True
Is 1271 + 1 + 1 + 2 + -2 a composite number?
True
Let i = -11 - -66. Suppose -5*s - i = -6*s. Is s a composite number?
True
Is -1 + (0 - -1*745 - 1) composite?
False
Let p(z) be the first derivative of z**2 + 8*z - 2. Is p(7) prime?
False
Suppose 387 = f + 2*f. Is f a prime number?
False
Let q be (-1)/(-4) - 37/4. Let n(h) = h**3 - 5*h**2 + 3*h + 4. Let m be n(6). Let d = q + m. Is d a composite number?
True
Suppose -4*r + 57 = -2*r + h, -4*r = 3*h - 109. Is r a prime number?
True
Suppose 4 = -r + 18. Suppose 3*m = -r + 161. Is m composite?
True
Suppose -2*f = -9 + 1. Suppose 7 = -f*d - 3*q, -2*d = 3*q + q - 4. Let j(h) = h**3 + 6*h**2 + 2*h - 1. Is j(d) composite?
False
Let j(w) = w + 7. Let o be j(-3). Let r(p) = 17*p + 2 + 0 - 5. Is r(o) a prime number?
False
Let n(j) be the third derivative of j**5/60 + j**4/24 + 31*j**3/6 - j**2. Let v be n(0). Suppose -2*t + v - 1 = 0. Is t a prime number?
False
Let j(l) = 2*l - 6. Let x be j(6). Let f(u) = 4*u. Let v be f(x). Let s = v + -14. Is s a prime number?
False
Suppose -2*s - 5*n - 952 = -0*s, -3*s - 1451 = -4*n. Let t = -188 - s. Is t a prime number?
True
Suppose 2*o + 3449 = 5*s, -3*s = 4*o + o - 2088. Is s prime?
True
Suppose 0 = f - 6*f + 395. Is f prime?
True
Let r = 2 + 0. Suppose 0 = -4*a - r*d + 25 - 3, 0 = 2*a + 3*d - 21. Suppose -2*f + 2*u + 58 = 0, -4*f - a*u = 22 - 166. Is f a composite number?
True
Let k = 19 - -20. Let p = -21 + k. Suppose b - p = -2*b. Is b prime?
False
Let g be (-16)/(-5)*(28 + -8). Let t = 123 - g. Is t composite?
False
Let m = 629 - 172. Is m prime?
True
Let m be (-21)/12*-2*-18. Let j = 122 + m. Is j a composite number?
False
Is 0 - (5 + -8 - 632) composite?
True
Let q be (-1 + 2)*8*1. Suppose q + 124 = 4*k + u, 0 = 5*u. Is k a prime number?
False
Is -2 + (2 - 19)*-23 a composite number?
False
Let i be -1*(-5)/1*1. Suppose 32 = 2*r - i*j, -2*r + 65 - 19 = 2*j. Is r composite?
True
Suppose -2*z + 11 = 5*w, 5*w = z - 5*z + 7. Let c be (-3)/(-6) + 73/z. Is 1/(-5) + c/(-5) a prime number?
True
Suppose -n + 15 = -3*q, -2*n - n - 2*q = -1. Suppose 190 = 2*h - 4*i, -3*h + 2*i + 282 = -n*i. Is h a composite number?
False
Suppose -10*g + 1388 = -1952. Is g prime?
False
Suppose 0 = -3*u - 1653 + 657. Let b = u + 653. Is b a composite number?
True
Suppose -c + 1108 = 3*m, -2*c - 1494 = -5*m + m. Suppose 5*n = -5*y - 1210, 3*n + 0*y + 724 = -2*y. Let v = n + m. Is v a composite number?
False
Suppose 2*d = 4*d - 358. Suppose -d = -5*s + 16. Is s a prime number?
False
Suppose 12 = -4*v, 0 = 2*k - 3*v + v - 376. Is k a composite number?
True
Suppose 2*m + 8 = 0, 0 = -3*z + 5*z + m. Suppose 1028 = 2*t + 2*t + 4*g, z*t - 526 = -5*g. Is t a composite number?
True
Let j(q) = q**3 - 3*q**2 + 4*q - 3. Let k = -7 + 12. Is j(k) composite?
False
Suppose z - 5*z = -76. Is z a composite number?
False
Let h be ((-266)/(-8))/((-2)/(-8)). Let t = 264 - h. Is t composite?
False
Is (-3170)/(-4) - (-18)/(-12) prime?
False
Let b(i) = 2 - 4*i - 3 - i**2 + 5 + 12*i**3. Is b(3) a composite number?
False
Let r(o) = 25*o - 3. Let l = -18 + 20. Is r(l) a composite number?
False
Suppose 15*h - 1222 = 13*h. Is h composite?
True
Let z be (-12)/2*4/8. Let g = z - -4. Is g*(74 + 2) + 3 a composite number?
False
Is (2/(-6))/((-8)/9096) composite?
False
Let m(d) = -16*d + 15. Is m(-7) a composite number?
False
Let f(r) = -2*r + 3 + 90*r + 20*r. Is f(1) a prime number?
False
Let l(z) = z**2 - 9*z - 6. Let k be l(10). Suppose -k*r + 2004 = -0*r. Is r a composite number?
True
Suppose 12 = 7*q - 3*q, 2*c - 5*q = 91. Is c a prime number?
True
Let v = 6 - 7. Let k = v - -2. Let t = k - -20. Is t a prime number?
False
Suppose 0 = q + 2*y - 8, 2*q - 5*y + 3 = 37. Suppose -b = -q - 29. Suppose 146 = 3*g - m, 2*g - 3*m + b - 136 = 0. Is g a composite number?
True
Let u(d) = -d**3 - 6*d**2 - 1. Is u(-8) composite?
False
Let m = 1683 - 1124. Is m a prime number?
False
Suppose l + 16 = -5*p, -3*l + 2*p - 12 = -p. Is l/(-21) - (-1270)/14 prime?
False
Suppose 7*q - 2*q = 10. Is (-2)/q*(-53 + -2) prime?
False
Let c = 0 + -2. Let g be (0/c - -2) + 21. Suppose -83 = -4*r - g. Is r a prime number?
False
Suppose -2*a = 2*a - 12. Let n(v) = 20*v**2 - 2*v + 3. Is n(a) composite?
True
Is (171 + -5)/(0 - -1) a composite number?
True
Let z = 34 - -1. Is z a composite number?
True
Suppose -34 = -2*r + 82. Is r composite?
True
Let a = -312 - -2597. Is a prime?
False
Is (-501)/(-15) - 2/5 a prime number?
False
Let q(k) = -k**3 + 7*k**2 + 5. Let y be q(7). Suppose 3 = -g, -4*g = y*w - 62 - 11. Let x = -7 + w. Is x prime?
False
Suppose -4*i + 3*i + 4 = 0. Let l be 6/i*112/(-12). Is ((-1)/2 - 0)*l prime?
True
Let l(y) = -82*y + 1. Let j(q) = -q**2 - 11*q - 6. Let z be j(-10). Suppose -z*h = -h + 3. Is l(h) composite?
False
Let j(k) be the first derivative of -k**3/3 - 4*k**2 + 4*k + 1. Let p be j(-8). Suppose 2*y - p*h = 226, -y - 2*h = -0 - 109. Is y composite?
True
Let q = 69 + -66. Let i(n) = -63*n + 12. Let g(w) = -21*w + 4. Let h(y) = 11*g(y) - 4*i(y). Is h(q) composite?
False
Suppose -3*i + 0 + 6 = 0. Is (i - 4)*-1*1 a composite number?
False
Let k(b) = -b**3 - 4*b**2 + b - 2. Let d be k(-5). Let j = d + -3. Is j a prime number?
False
Let g = -4 + 2. Let l(d) = -5*d**3 - 3*d**2 - d + 1. Is l(g) a composite number?
False
Is 8*((-837)/(-12))/9 composite?
True
Let m(b) = 80*b - 7. Is m(12) a composite number?
False
Let y(t) be the first derivative of t**4/4 + 5*t**3/3 - 3*t**2/2 - 5*t - 2. Let n(w) = w. Let l be n(-5). Is y(l) a composite number?
True
Suppose 2*v - v + 1 = q, 0 = 4*v + q - 16. Suppose -4*f = -v*n - 1039, f - 8*n = -4*n + 263. Is f composite?
True
Suppose l + 3*l - 2*v - 794 = 0, 0 = -l + v + 199. Suppose -3*t + 151 = -2*d, t + l = 5*t - 2*d. Let i = 94 - t. Is i composite?
False
Let z = 286 + 513. Is z composite?
True
Let z(j) = j**2 + 8*j - 13. Let n be z(-9). Let t be (n - -6) + 338 + 0. Suppose x - 5*x = -t. Is x composite?
True
Let x(g) = g**3 + 4*g**2 - 2*g. Let y be x(-4). Let n = y - 3. Suppose -58 = -4*p + 2*z, p + n*z - 3*z - 7 = 0. Is p composite?
False
Suppose -3*p + 2*p = -8. Suppose 4*d = 3*d + p. Is 268/d - (-1)/2 a composite number?
True
Suppose 0 = -c + 3, -4*k = -0*c - 4*c - 36. Let v = 2 + k. Is v prime?
False
Let z(d) = -d**3 - 4*d**2 - 5*d - 2. Let n be z(-3). Suppose n*o = 4*u - 88, -5*u - 4*o = -u - 64. Is u a composite number?
False
Suppose -q = 7 - 41. Is q prime?
False
Let h be 0*2*(-2)/8. Suppose -5*t + 5*p - 20 = 0, h = -4*t + p + p -